CRAN Package Check Results for Package tidycode

Last updated on 2024-02-23 15:52:32 CET.

Flavor Version Tinstall Tcheck Ttotal Status Flags
r-devel-linux-x86_64-debian-clang 0.1.1 NOTE
r-devel-linux-x86_64-debian-gcc 0.1.1 2.63 32.20 34.83 NOTE
r-devel-linux-x86_64-fedora-clang 0.1.1 57.15 NOTE
r-devel-linux-x86_64-fedora-gcc 0.1.1 66.42 NOTE
r-devel-windows-x86_64 0.1.1 4.00 55.00 59.00 NOTE
r-patched-linux-x86_64 0.1.1 2.26 40.38 42.64 NOTE
r-release-linux-x86_64 0.1.1 2.44 40.35 42.79 NOTE
r-release-macos-arm64 0.1.1 28.00 NOTE
r-release-macos-x86_64 0.1.1 41.00 NOTE
r-release-windows-x86_64 0.1.1 6.00 59.00 65.00 NOTE
r-oldrel-macos-arm64 0.1.1 19.00 NOTE
r-oldrel-windows-x86_64 0.1.1 5.00 69.00 74.00 NOTE

Check Details

Version: 0.1.1
Check: LazyData
Result: NOTE 'LazyData' is specified without a 'data' directory Flavors: r-devel-linux-x86_64-debian-clang, r-devel-linux-x86_64-debian-gcc, r-devel-linux-x86_64-fedora-clang, r-devel-linux-x86_64-fedora-gcc, r-devel-windows-x86_64, r-patched-linux-x86_64, r-release-linux-x86_64, r-release-macos-arm64, r-release-macos-x86_64, r-release-windows-x86_64, r-oldrel-macos-arm64, r-oldrel-windows-x86_64