CRAN Package Check Results for Package tidycensus

Last updated on 2021-10-23 05:02:52 CEST.

Flavor Version Tinstall Tcheck Ttotal Status Flags
r-devel-linux-x86_64-debian-clang 1.1 14.98 90.66 105.64 OK
r-devel-linux-x86_64-debian-gcc 1.1 11.51 69.63 81.14 OK
r-devel-linux-x86_64-fedora-clang 1.1 141.29 NOTE
r-devel-linux-x86_64-fedora-gcc 1.1 121.79 NOTE
r-devel-windows-x86_64 1.1 38.00 147.00 185.00 OK
r-devel-windows-x86_64-gcc10-UCRT 1.1 NOTE
r-patched-linux-x86_64 1.1 15.32 85.48 100.80 OK
r-patched-solaris-x86 1.1 191.80 NOTE
r-release-linux-x86_64 1.1 11.20 85.95 97.15 OK
r-release-macos-arm64 1.1 NOTE
r-release-macos-x86_64 1.1 NOTE
r-release-windows-ix86+x86_64 1.1 26.00 138.00 164.00 OK
r-oldrel-macos-x86_64 1.1 NOTE
r-oldrel-windows-ix86+x86_64 1.1 48.00 153.00 201.00 OK

Check Details

Version: 1.1
Check: data for non-ASCII characters
Result: NOTE
     Note: found 2 marked UTF-8 strings
Flavors: r-devel-linux-x86_64-fedora-clang, r-devel-linux-x86_64-fedora-gcc, r-devel-windows-x86_64-gcc10-UCRT, r-patched-solaris-x86, r-release-macos-arm64, r-release-macos-x86_64, r-oldrel-macos-x86_64