CRAN Package Check Results for Package tidybayes

Last updated on 2021-11-29 15:51:29 CET.

Flavor Version Tinstall Tcheck Ttotal Status Flags
r-devel-linux-x86_64-debian-clang 3.0.1 11.59 295.51 307.10 OK
r-devel-linux-x86_64-debian-gcc 3.0.1 7.91 222.91 230.82 OK
r-devel-linux-x86_64-fedora-clang 3.0.1 387.93 OK
r-devel-linux-x86_64-fedora-gcc 3.0.1 350.57 OK
r-devel-windows-x86_64-new-UL 3.0.1 29.00 409.00 438.00 OK
r-devel-windows-x86_64-new-TK 3.0.1 OK
r-devel-windows-x86_64-old 3.0.1 30.00 269.00 299.00 OK
r-patched-linux-x86_64 3.0.1 14.66 281.93 296.59 OK
r-patched-solaris-x86 3.0.1 468.00 NOTE
r-release-linux-x86_64 3.0.1 7.07 279.77 286.84 OK
r-release-macos-arm64 3.0.1 NOTE
r-release-macos-x86_64 3.0.1 OK
r-release-windows-ix86+x86_64 3.0.1 21.00 355.00 376.00 OK
r-oldrel-macos-x86_64 3.0.1 OK
r-oldrel-windows-ix86+x86_64 3.0.1 15.00 272.00 287.00 OK

Check Details

Version: 3.0.1
Check: package dependencies
Result: NOTE
    Package suggested but not available for checking: ‘gifski’
Flavor: r-patched-solaris-x86

Version: 3.0.1
Check: package dependencies
Result: NOTE
    Packages suggested but not available for checking:
     'runjags', 'rjags', 'jagsUI'
Flavor: r-release-macos-arm64

Version: 3.0.1
Check: Rd cross-references
Result: NOTE
    Packages unavailable to check Rd xrefs: ‘runjags’, ‘rjags’, ‘jagsUI’
Flavor: r-release-macos-arm64