CRAN Package Check Results for Package tidyLPA

Last updated on 2022-01-24 03:51:47 CET.

Flavor Version Tinstall Tcheck Ttotal Status Flags
r-devel-linux-x86_64-debian-clang 1.1.0 9.93 146.23 156.16 OK
r-devel-linux-x86_64-debian-gcc 1.1.0 7.18 109.58 116.76 OK
r-devel-linux-x86_64-fedora-clang 1.1.0 184.48 NOTE
r-devel-linux-x86_64-fedora-gcc 1.1.0 171.52 NOTE
r-devel-windows-x86_64-new-UL 1.1.0 75.00 188.00 263.00 OK
r-devel-windows-x86_64-new-TK 1.1.0 NOTE
r-patched-linux-x86_64 1.1.0 8.85 134.99 143.84 OK
r-release-linux-x86_64 1.1.0 9.75 147.93 157.68 OK
r-release-macos-arm64 1.1.0 NOTE
r-release-macos-x86_64 1.1.0 NOTE
r-release-windows-ix86+x86_64 1.1.0 23.00 175.00 198.00 OK
r-oldrel-macos-x86_64 1.1.0 NOTE
r-oldrel-windows-ix86+x86_64 1.1.0 24.00 178.00 202.00 OK

Check Details

Version: 1.1.0
Check: dependencies in R code
Result: NOTE
    Namespace in Imports field not imported from: ‘mix’
     All declared Imports should be used.
Flavors: r-devel-linux-x86_64-fedora-clang, r-devel-linux-x86_64-fedora-gcc, r-devel-windows-x86_64-new-TK, r-release-macos-arm64, r-release-macos-x86_64, r-oldrel-macos-x86_64

Version: 1.1.0
Check: package dependencies
Result: NOTE
    Package suggested but not available for checking: 'lme4'
Flavor: r-devel-windows-x86_64-new-TK