CRAN Package Check Results for Package tictactoe

Last updated on 2021-10-26 15:51:29 CEST.

Flavor Version Tinstall Tcheck Ttotal Status Flags
r-devel-linux-x86_64-debian-clang 0.2.2 3.33 35.42 38.75 NOTE
r-devel-linux-x86_64-debian-gcc 0.2.2 2.44 27.35 29.79 NOTE
r-devel-linux-x86_64-fedora-clang 0.2.2 56.69 NOTE
r-devel-linux-x86_64-fedora-gcc 0.2.2 45.75 NOTE
r-devel-windows-x86_64 0.2.2 5.00 43.00 48.00 NOTE
r-devel-windows-x86_64-gcc10-UCRT 0.2.2 NOTE
r-patched-linux-x86_64 0.2.2 3.02 34.55 37.57 NOTE
r-patched-solaris-x86 0.2.2 68.30 NOTE
r-release-linux-x86_64 0.2.2 2.67 34.16 36.83 NOTE
r-release-macos-arm64 0.2.2 NOTE
r-release-macos-x86_64 0.2.2 NOTE
r-release-windows-ix86+x86_64 0.2.2 5.00 60.00 65.00 NOTE
r-oldrel-macos-x86_64 0.2.2 OK
r-oldrel-windows-ix86+x86_64 0.2.2 6.00 59.00 65.00 OK

Check Details

Version: 0.2.2
Check: LazyData
Result: NOTE
     'LazyData' is specified without a 'data' directory
Flavors: r-devel-linux-x86_64-debian-clang, r-devel-linux-x86_64-debian-gcc, r-devel-linux-x86_64-fedora-clang, r-devel-linux-x86_64-fedora-gcc, r-devel-windows-x86_64, r-devel-windows-x86_64-gcc10-UCRT, r-patched-linux-x86_64, r-patched-solaris-x86, r-release-linux-x86_64, r-release-macos-arm64, r-release-macos-x86_64, r-release-windows-ix86+x86_64