CRAN Package Check Results for Package tibbletime

Last updated on 2022-10-03 04:59:42 CEST.

Flavor Version Tinstall Tcheck Ttotal Status Flags
r-devel-linux-x86_64-debian-clang 0.1.6 26.25 110.03 136.28 WARN
r-devel-linux-x86_64-debian-gcc 0.1.6 21.40 80.56 101.96 OK
r-devel-linux-x86_64-fedora-clang 0.1.6 203.85 WARN
r-devel-linux-x86_64-fedora-gcc 0.1.6 186.83 OK
r-devel-windows-x86_64 0.1.6 71.00 172.00 243.00 OK
r-patched-linux-x86_64 0.1.6 22.17 103.61 125.78 OK
r-release-linux-x86_64 0.1.6 24.30 103.16 127.46 OK
r-release-macos-arm64 0.1.6 50.00 OK
r-release-macos-x86_64 0.1.6 72.00 OK
r-release-windows-x86_64 0.1.6 86.00 162.00 248.00 OK
r-oldrel-macos-arm64 0.1.6 56.00 OK
r-oldrel-macos-x86_64 0.1.6 119.00 OK
r-oldrel-windows-ix86+x86_64 0.1.6 70.00 191.00 261.00 OK

Additional issues

clang14

Check Details

Version: 0.1.6
Check: whether package can be installed
Result: WARN
    Found the following significant warnings:
     sorted_range_search.cpp:34:7: warning: use of bitwise '|' with boolean operands [-Wbitwise-instead-of-logical]
Flavors: r-devel-linux-x86_64-debian-clang, r-devel-linux-x86_64-fedora-clang