CRAN Package Check Results for Package threeBrain

Last updated on 2022-01-21 16:51:10 CET.

Flavor Version Tinstall Tcheck Ttotal Status Flags
r-devel-linux-x86_64-debian-clang 0.2.4 23.32 68.28 91.60 OK
r-devel-linux-x86_64-debian-gcc 0.2.4 16.71 53.24 69.95 OK
r-devel-linux-x86_64-fedora-clang 0.2.4 119.39 NOTE
r-devel-linux-x86_64-fedora-gcc 0.2.4 99.77 OK
r-devel-windows-x86_64-new-UL 0.2.4 159.00 121.00 280.00 NOTE
r-devel-windows-x86_64-new-TK 0.2.4 OK
r-patched-linux-x86_64 0.2.4 23.89 67.35 91.24 OK
r-release-linux-x86_64 0.2.4 22.34 67.21 89.55 OK
r-release-macos-arm64 0.2.4 NOTE
r-release-macos-x86_64 0.2.4 NOTE
r-release-windows-ix86+x86_64 0.2.4 36.00 91.00 127.00 NOTE
r-oldrel-macos-x86_64 0.2.4 NOTE
r-oldrel-windows-ix86+x86_64 0.2.4 37.00 90.00 127.00 NOTE

Check Details

Version: 0.2.4
Check: installed package size
Result: NOTE
     installed size is 5.4Mb
     sub-directories of 1Mb or more:
     doc 1.7Mb
     htmlwidgets 2.3Mb
Flavors: r-devel-linux-x86_64-fedora-clang, r-devel-windows-x86_64-new-UL, r-release-macos-arm64, r-release-macos-x86_64, r-release-windows-ix86+x86_64, r-oldrel-macos-x86_64, r-oldrel-windows-ix86+x86_64