CRAN Package Check Results for Package themetagenomics

Last updated on 2021-10-24 15:51:20 CEST.

Flavor Version Tinstall Tcheck Ttotal Status Flags
r-devel-linux-x86_64-debian-clang 1.0.2 38.03 363.49 401.52 OK
r-devel-linux-x86_64-debian-gcc 1.0.2 30.17 268.33 298.50 OK
r-devel-linux-x86_64-fedora-clang 1.0.2 579.74 NOTE
r-devel-linux-x86_64-fedora-gcc 1.0.2 479.55 OK
r-devel-windows-x86_64 1.0.2 59.00 469.00 528.00 OK
r-devel-windows-x86_64-gcc10-UCRT 1.0.2 OK
r-patched-linux-x86_64 1.0.2 37.96 356.38 394.34 OK
r-patched-solaris-x86 1.0.2 391.90 OK
r-release-linux-x86_64 1.0.2 31.17 358.94 390.11 OK
r-release-macos-arm64 1.0.2 OK
r-release-macos-x86_64 1.0.2 OK
r-release-windows-ix86+x86_64 1.0.2 68.00 513.00 581.00 NOTE
r-oldrel-macos-x86_64 1.0.2 OK
r-oldrel-windows-ix86+x86_64 1.0.2 97.00 598.00 695.00 NOTE

Check Details

Version: 1.0.2
Check: Rd cross-references
Result: NOTE
    Undeclared package ‘glmnet’ in Rd xrefs
Flavor: r-devel-linux-x86_64-fedora-clang

Version: 1.0.2
Check: installed package size
Result: NOTE
     installed size is 5.0Mb
     sub-directories of 1Mb or more:
     doc 1.0Mb
     libs 2.2Mb
     references 1.1Mb
Flavors: r-release-windows-ix86+x86_64, r-oldrel-windows-ix86+x86_64