CRAN Package Check Results for Package theft

Last updated on 2024-07-21 03:55:37 CEST.

Flavor Version Tinstall Tcheck Ttotal Status Flags
r-devel-linux-x86_64-debian-clang 0.6.1 15.84 155.21 171.05 OK
r-devel-linux-x86_64-debian-gcc 0.6.1 12.75 115.65 128.40 OK
r-devel-linux-x86_64-fedora-clang 0.6.1 222.00 OK
r-devel-linux-x86_64-fedora-gcc 0.6.1 211.12 OK
r-devel-windows-x86_64 0.6.1 16.00 122.00 138.00 OK
r-patched-linux-x86_64 0.6.1 10.99 146.46 157.45 OK
r-release-linux-x86_64 0.6.1 11.34 146.30 157.64 OK
r-release-macos-arm64 0.6.1 66.00 OK
r-release-macos-x86_64 0.6.1 97.00 OK
r-release-windows-x86_64 0.6.1 15.00 123.00 138.00 OK
r-oldrel-macos-arm64 0.6.1 71.00 NOTE
r-oldrel-macos-x86_64 0.6.1 143.00 NOTE
r-oldrel-windows-x86_64 0.6.1 20.00 153.00 173.00 OK

Check Details

Version: 0.6.1
Check: package dependencies
Result: NOTE Package suggested but not available for checking: ‘theftdlc’ Flavors: r-oldrel-macos-arm64, r-oldrel-macos-x86_64