CRAN Package Check Results for Package thaipdf

Last updated on 2024-07-19 16:57:37 CEST.

Flavor Version Tinstall Tcheck Ttotal Status Flags
r-devel-linux-x86_64-debian-clang 0.1.2 1.91 31.10 33.01 OK
r-devel-linux-x86_64-debian-gcc 0.1.2 1.48 24.01 25.49 OK
r-devel-linux-x86_64-fedora-clang 0.1.2 43.71 OK
r-devel-linux-x86_64-fedora-gcc 0.1.2 52.84 OK
r-devel-windows-x86_64 0.1.2 4.00 49.00 53.00 NOTE
r-patched-linux-x86_64 0.1.2 6.49 30.48 36.97 OK
r-release-linux-x86_64 0.1.2 2.47 30.22 32.69 OK
r-release-macos-arm64 0.1.2 25.00 OK
r-release-macos-x86_64 0.1.2 36.00 OK
r-release-windows-x86_64 0.1.2 3.00 48.00 51.00 OK
r-oldrel-macos-arm64 0.1.2 27.00 OK
r-oldrel-macos-x86_64 0.1.2 36.00 OK
r-oldrel-windows-x86_64 0.1.2 4.00 49.00 53.00 OK

Check Details

Version: 0.1.2
Check: Rd cross-references
Result: NOTE Found the following Rd file(s) with Rd \link{} targets missing package anchors: thaipdf_document.Rd: pdf_document Please provide package anchors for all Rd \link{} targets not in the package itself and the base packages. Flavor: r-devel-windows-x86_64