CRAN Package Check Results for Package tggd

Last updated on 2022-01-22 03:57:00 CET.

Flavor Version Tinstall Tcheck Ttotal Status Flags
r-devel-linux-x86_64-debian-clang 0.1.1 1.42 30.80 32.22 NOTE
r-devel-linux-x86_64-debian-gcc 0.1.1 1.39 24.63 26.02 NOTE
r-devel-linux-x86_64-fedora-clang 0.1.1 43.08 NOTE
r-devel-linux-x86_64-fedora-gcc 0.1.1 30.17 NOTE
r-devel-windows-x86_64-new-UL 0.1.1 13.00 57.00 70.00 NOTE
r-devel-windows-x86_64-new-TK 0.1.1 NOTE
r-patched-linux-x86_64 0.1.1 3.29 30.86 34.15 NOTE
r-release-linux-x86_64 0.1.1 1.69 29.95 31.64 NOTE
r-release-macos-arm64 0.1.1 NOTE
r-release-macos-x86_64 0.1.1 NOTE
r-release-windows-ix86+x86_64 0.1.1 5.00 34.00 39.00 NOTE
r-oldrel-macos-x86_64 0.1.1 OK
r-oldrel-windows-ix86+x86_64 0.1.1 3.00 39.00 42.00 OK

Check Details

Version: 0.1.1
Check: LazyData
Result: NOTE
     'LazyData' is specified without a 'data' directory
Flavors: r-devel-linux-x86_64-debian-clang, r-devel-linux-x86_64-debian-gcc, r-devel-linux-x86_64-fedora-clang, r-devel-linux-x86_64-fedora-gcc, r-devel-windows-x86_64-new-UL, r-devel-windows-x86_64-new-TK, r-patched-linux-x86_64, r-release-linux-x86_64, r-release-macos-arm64, r-release-macos-x86_64, r-release-windows-ix86+x86_64