CRAN Package Check Results for Package tfdeploy

Last updated on 2025-04-23 03:50:30 CEST.

Flavor Version Tinstall Tcheck Ttotal Status Flags
r-devel-linux-x86_64-debian-clang 0.6.1 8.25 69.35 77.60 OK
r-devel-linux-x86_64-debian-gcc 0.6.1 6.37 54.52 60.89 OK
r-devel-linux-x86_64-fedora-clang 0.6.1 131.03 OK
r-devel-linux-x86_64-fedora-gcc 0.6.1 134.39 OK
r-devel-windows-x86_64 0.6.1 9.00 123.00 132.00 OK
r-patched-linux-x86_64 0.6.1 6.19 67.27 73.46 OK
r-release-linux-x86_64 0.6.1 7.81 67.21 75.02 OK
r-release-macos-arm64 0.6.1 56.00 OK
r-release-macos-x86_64 0.6.1 83.00 OK
r-release-windows-x86_64 0.6.1 11.00 120.00 131.00 OK
r-oldrel-macos-arm64 0.6.1 42.00 NOTE
r-oldrel-macos-x86_64 0.6.1 67.00 NOTE
r-oldrel-windows-x86_64 0.6.1 12.00 130.00 142.00 NOTE

Check Details

Version: 0.6.1
Check: LazyData
Result: NOTE 'LazyData' is specified without a 'data' directory Flavors: r-oldrel-macos-arm64, r-oldrel-macos-x86_64, r-oldrel-windows-x86_64