CRAN Package Check Results for Package text2map

Last updated on 2024-06-22 17:57:44 CEST.

Flavor Version Tinstall Tcheck Ttotal Status Flags
r-devel-linux-x86_64-debian-clang 0.2.0 20.83 181.66 202.49 OK
r-devel-linux-x86_64-debian-gcc 0.2.0 15.32 133.98 149.30 OK
r-devel-linux-x86_64-fedora-clang 0.2.0 258.65 NOTE
r-devel-linux-x86_64-fedora-gcc 0.2.0 242.72 OK
r-devel-windows-x86_64 0.2.0 17.00 142.00 159.00 OK
r-patched-linux-x86_64 0.2.0 15.62 176.10 191.72 OK
r-release-linux-x86_64 0.2.0 13.62 173.87 187.49 OK
r-release-macos-arm64 0.2.0 65.00 OK
r-release-macos-x86_64 0.2.0 101.00 OK
r-release-windows-x86_64 0.2.0 17.00 142.00 159.00 OK
r-oldrel-macos-arm64 0.2.0 76.00 OK
r-oldrel-macos-x86_64 0.2.0 167.00 OK
r-oldrel-windows-x86_64 0.2.0 22.00 180.00 202.00 OK

Check Details

Version: 0.2.0
Check: whether startup messages can be suppressed
Result: NOTE OMP: Warning #96: Cannot form a team with 24 threads, using 2 instead. OMP: Hint Consider unsetting KMP_DEVICE_THREAD_LIMIT (KMP_ALL_THREADS), KMP_TEAMS_THREAD_LIMIT, and OMP_THREAD_LIMIT (if any are set). It looks like this package (or a package it requires) has a startup message which cannot be suppressed: see ?packageStartupMessage. Flavor: r-devel-linux-x86_64-fedora-clang