CRAN Package Check Results for Package tetraclasse

Last updated on 2021-10-24 03:51:26 CEST.

Flavor Version Tinstall Tcheck Ttotal Status Flags
r-devel-linux-x86_64-debian-clang 0.1.21 5.51 57.77 63.28 NOTE
r-devel-linux-x86_64-debian-gcc 0.1.21 4.73 42.53 47.26 NOTE
r-devel-linux-x86_64-fedora-clang 0.1.21 86.79 NOTE
r-devel-linux-x86_64-fedora-gcc 0.1.21 73.67 NOTE
r-devel-windows-x86_64 0.1.21 10.00 60.00 70.00 NOTE
r-devel-windows-x86_64-gcc10-UCRT 0.1.21 NOTE
r-patched-linux-x86_64 0.1.21 5.70 52.70 58.40 NOTE
r-patched-solaris-x86 0.1.21 111.30 NOTE
r-release-linux-x86_64 0.1.21 5.49 52.75 58.24 NOTE
r-release-macos-arm64 0.1.21 NOTE
r-release-macos-x86_64 0.1.21 NOTE
r-release-windows-ix86+x86_64 0.1.21 13.00 81.00 94.00 NOTE
r-oldrel-macos-x86_64 0.1.21 OK
r-oldrel-windows-ix86+x86_64 0.1.21 19.00 79.00 98.00 OK

Check Details

Version: 0.1.21
Check: LazyData
Result: NOTE
     'LazyData' is specified without a 'data' directory
Flavors: r-devel-linux-x86_64-debian-clang, r-devel-linux-x86_64-debian-gcc, r-devel-linux-x86_64-fedora-clang, r-devel-linux-x86_64-fedora-gcc, r-devel-windows-x86_64, r-devel-windows-x86_64-gcc10-UCRT, r-patched-linux-x86_64, r-patched-solaris-x86, r-release-linux-x86_64, r-release-macos-arm64, r-release-macos-x86_64, r-release-windows-ix86+x86_64