CRAN Package Check Results for Package tester

Last updated on 2024-02-23 15:52:32 CET.

Flavor Version Tinstall Tcheck Ttotal Status Flags
r-devel-linux-x86_64-debian-clang 0.1.7 NOTE
r-devel-linux-x86_64-debian-gcc 0.1.7 2.19 25.35 27.54 NOTE
r-devel-linux-x86_64-fedora-clang 0.1.7 45.62 NOTE
r-devel-linux-x86_64-fedora-gcc 0.1.7 55.58 NOTE
r-devel-windows-x86_64 0.1.7 4.00 65.00 69.00 NOTE
r-patched-linux-x86_64 0.1.7 2.88 31.76 34.64 OK
r-release-linux-x86_64 0.1.7 2.73 32.33 35.06 OK
r-release-macos-arm64 0.1.7 25.00 OK
r-release-macos-x86_64 0.1.7 35.00 OK
r-release-windows-x86_64 0.1.7 4.00 66.00 70.00 OK
r-oldrel-macos-arm64 0.1.7 21.00 OK
r-oldrel-windows-x86_64 0.1.7 5.00 69.00 74.00 OK

Check Details

Version: 0.1.7
Check: package vignettes
Result: NOTE Package vignette with \VignetteEngine{} not specifying an engine package: ‘tester_introduction.Rnw’ Engines should be specified as \VignetteEngine{PKG::ENG}. Flavors: r-devel-linux-x86_64-debian-clang, r-devel-linux-x86_64-debian-gcc, r-devel-linux-x86_64-fedora-clang, r-devel-linux-x86_64-fedora-gcc, r-devel-windows-x86_64