CRAN Package Check Results for Package term

Last updated on 2024-07-14 03:55:23 CEST.

Flavor Version Tinstall Tcheck Ttotal Status Flags
r-devel-linux-x86_64-debian-clang 0.3.5 4.99 50.89 55.88 OK
r-devel-linux-x86_64-debian-gcc 0.3.5 3.65 38.15 41.80 OK
r-devel-linux-x86_64-fedora-clang 0.3.5 69.43 OK
r-devel-linux-x86_64-fedora-gcc 0.3.5 69.98 OK
r-devel-windows-x86_64 0.3.5 5.00 63.00 68.00 NOTE
r-patched-linux-x86_64 0.3.5 8.98 47.76 56.74 OK
r-release-linux-x86_64 0.3.5 4.69 47.42 52.11 OK
r-release-macos-arm64 0.3.5 25.00 OK
r-release-macos-x86_64 0.3.5 35.00 OK
r-release-windows-x86_64 0.3.5 5.00 67.00 72.00 OK
r-oldrel-macos-arm64 0.3.5 29.00 OK
r-oldrel-macos-x86_64 0.3.5 36.00 OK
r-oldrel-windows-x86_64 0.3.5 6.00 72.00 78.00 OK

Check Details

Version: 0.3.5
Check: Rd cross-references
Result: NOTE Found the following Rd file(s) with Rd \link{} targets missing package anchors: vld_term.Rd: chk_s3_class Please provide package anchors for all Rd \link{} targets not in the package itself and the base packages. Flavor: r-devel-windows-x86_64