CRAN Package Check Results for Package telegram

Last updated on 2022-01-27 15:53:50 CET.

Flavor Version Tinstall Tcheck Ttotal Status Flags
r-devel-linux-x86_64-debian-clang 0.6.0 3.52 33.88 37.40 NOTE
r-devel-linux-x86_64-debian-gcc 0.6.0 3.08 26.29 29.37 NOTE
r-devel-linux-x86_64-fedora-clang 0.6.0 48.73 NOTE
r-devel-linux-x86_64-fedora-gcc 0.6.0 35.39 NOTE
r-devel-windows-x86_64-new-UL 0.6.0 34.00 51.00 85.00 NOTE
r-devel-windows-x86_64-new-TK 0.6.0 NOTE
r-patched-linux-x86_64 0.6.0 6.59 32.68 39.27 NOTE
r-release-linux-x86_64 0.6.0 3.05 32.15 35.20 NOTE
r-release-macos-arm64 0.6.0 NOTE
r-release-macos-x86_64 0.6.0 NOTE
r-release-windows-ix86+x86_64 0.6.0 7.00 42.00 49.00 NOTE
r-oldrel-macos-x86_64 0.6.0 OK
r-oldrel-windows-ix86+x86_64 0.6.0 6.00 41.00 47.00 OK

Check Details

Version: 0.6.0
Check: LazyData
Result: NOTE
     'LazyData' is specified without a 'data' directory
Flavors: r-devel-linux-x86_64-debian-clang, r-devel-linux-x86_64-debian-gcc, r-devel-linux-x86_64-fedora-clang, r-devel-linux-x86_64-fedora-gcc, r-devel-windows-x86_64-new-UL, r-devel-windows-x86_64-new-TK, r-patched-linux-x86_64, r-release-linux-x86_64, r-release-macos-arm64, r-release-macos-x86_64, r-release-windows-ix86+x86_64