CRAN Package Check Results for Package tatoo

Last updated on 2024-07-25 04:50:06 CEST.

Flavor Version Tinstall Tcheck Ttotal Status Flags
r-devel-linux-x86_64-debian-clang 1.1.2 5.21 89.48 94.69 OK
r-devel-linux-x86_64-debian-gcc 1.1.2 3.32 65.20 68.52 NOTE
r-devel-linux-x86_64-fedora-clang 1.1.2 121.32 OK
r-devel-linux-x86_64-fedora-gcc 1.1.2 125.37 OK
r-devel-windows-x86_64 1.1.2 6.00 91.00 97.00 NOTE
r-patched-linux-x86_64 1.1.2 7.70 84.26 91.96 OK
r-release-linux-x86_64 1.1.2 3.49 91.63 95.12 OK
r-release-macos-arm64 1.1.2 38.00 OK
r-release-macos-x86_64 1.1.2 77.00 OK
r-release-windows-x86_64 1.1.2 5.00 89.00 94.00 OK
r-oldrel-macos-arm64 1.1.2 39.00 OK
r-oldrel-macos-x86_64 1.1.2 63.00 OK
r-oldrel-windows-x86_64 1.1.2 7.00 102.00 109.00 OK

Check Details

Version: 1.1.2
Check: Rd cross-references
Result: NOTE Found the following Rd file(s) with Rd \link{} targets missing package anchors: Tagged_table.Rd: data.table as.data.table.Mashed_table.Rd: as.data.table, data.table as_workbook.Rd: openxlsx cmash.Rd: data.table write_worksheet.Rd: openxlsx Please provide package anchors for all Rd \link{} targets not in the package itself and the base packages. Flavors: r-devel-linux-x86_64-debian-gcc, r-devel-windows-x86_64