Last updated on 2023-04-02 03:51:46 CEST.
Flavor | Version | Tinstall | Tcheck | Ttotal | Status | Flags |
---|---|---|---|---|---|---|
r-devel-linux-x86_64-debian-clang | 0.3 | 191.29 | 161.29 | 352.58 | NOTE | |
r-devel-linux-x86_64-debian-gcc | 0.3 | 161.40 | 140.70 | 302.10 | NOTE | |
r-devel-linux-x86_64-fedora-clang | 0.3 | 444.68 | NOTE | |||
r-devel-linux-x86_64-fedora-gcc | 0.3 | 393.38 | NOTE | |||
r-patched-linux-x86_64 | 0.3 | 156.17 | 156.16 | 312.33 | NOTE | |
r-release-linux-x86_64 | 0.3 | 155.72 | 151.26 | 306.98 | OK | |
r-release-macos-arm64 | 0.3 | 118.00 | NOTE | |||
r-release-macos-x86_64 | 0.3 | 137.00 | NOTE | |||
r-release-windows-x86_64 | 0.3 | 160.00 | 217.00 | 377.00 | OK | |
r-oldrel-macos-arm64 | 0.3 | 107.00 | NOTE | |||
r-oldrel-macos-x86_64 | 0.3 | 140.00 | NOTE | |||
r-oldrel-windows-ix86+x86_64 | 0.3 | 452.00 | 236.00 | 688.00 | OK |
Version: 0.3
Check: C++ specification
Result: NOTE
Specified C++11: please drop specification unless essential
Flavors: r-devel-linux-x86_64-debian-clang, r-devel-linux-x86_64-debian-gcc, r-devel-linux-x86_64-fedora-clang, r-devel-linux-x86_64-fedora-gcc, r-patched-linux-x86_64
Version: 0.3
Check: installed package size
Result: NOTE
installed size is 12.1Mb
sub-directories of 1Mb or more:
libs 10.9Mb
Flavors: r-release-macos-arm64, r-release-macos-x86_64, r-oldrel-macos-arm64, r-oldrel-macos-x86_64