Last updated on 2023-03-26 15:52:48 CEST.
Flavor | Version | Tinstall | Tcheck | Ttotal | Status | Flags |
---|---|---|---|---|---|---|
r-devel-linux-x86_64-debian-clang | 0.2.0 | 7.39 | 68.66 | 76.05 | NOTE | |
r-devel-linux-x86_64-debian-gcc | 0.2.0 | 6.55 | 50.70 | 57.25 | NOTE | |
r-devel-linux-x86_64-fedora-clang | 0.2.0 | 96.91 | NOTE | |||
r-devel-linux-x86_64-fedora-gcc | 0.2.0 | 88.44 | NOTE | |||
r-patched-linux-x86_64 | 0.2.0 | 7.20 | 63.96 | 71.16 | NOTE | |
r-release-linux-x86_64 | 0.2.0 | 6.44 | 65.09 | 71.53 | NOTE | |
r-release-macos-arm64 | 0.2.0 | 31.00 | NOTE | |||
r-release-macos-x86_64 | 0.2.0 | 62.00 | NOTE | |||
r-release-windows-x86_64 | 0.2.0 | 25.00 | 105.00 | 130.00 | NOTE | |
r-oldrel-macos-arm64 | 0.2.0 | 30.00 | NOTE | |||
r-oldrel-macos-x86_64 | 0.2.0 | 57.00 | NOTE | |||
r-oldrel-windows-ix86+x86_64 | 0.2.0 | 19.00 | 93.00 | 112.00 | NOTE |
Version: 0.2.0
Check: LazyData
Result: NOTE
'LazyData' is specified without a 'data' directory
Flavors: r-devel-linux-x86_64-debian-clang, r-devel-linux-x86_64-debian-gcc, r-devel-linux-x86_64-fedora-clang, r-devel-linux-x86_64-fedora-gcc, r-patched-linux-x86_64, r-release-linux-x86_64, r-release-macos-arm64, r-release-macos-x86_64, r-release-windows-x86_64, r-oldrel-macos-arm64, r-oldrel-macos-x86_64, r-oldrel-windows-ix86+x86_64
Version: 0.2.0
Check: dependencies in R code
Result: NOTE
Namespaces in Imports field not imported from:
‘MASS’ ‘devEMF’ ‘segmented’ ‘smoother’ ‘tools’
All declared Imports should be used.
Flavors: r-devel-linux-x86_64-fedora-clang, r-devel-linux-x86_64-fedora-gcc, r-release-macos-arm64, r-release-macos-x86_64, r-oldrel-macos-arm64, r-oldrel-macos-x86_64