CRAN Package Check Results for Package tagcloud

Last updated on 2022-01-19 04:48:39 CET.

Flavor Version Tinstall Tcheck Ttotal Status Flags
r-devel-linux-x86_64-debian-clang 0.6 19.28 55.38 74.66 OK
r-devel-linux-x86_64-debian-gcc 0.6 14.53 43.66 58.19 OK
r-devel-linux-x86_64-fedora-clang 0.6 102.83 NOTE
r-devel-linux-x86_64-fedora-gcc 0.6 88.38 NOTE
r-devel-windows-x86_64-new-UL 0.6 44.00 118.00 162.00 OK
r-devel-windows-x86_64-new-TK 0.6 OK
r-patched-linux-x86_64 0.6 19.79 42.57 62.36 OK
r-release-linux-x86_64 0.6 OK
r-release-macos-arm64 0.6 OK
r-release-macos-x86_64 0.6 OK
r-release-windows-ix86+x86_64 0.6 59.00 82.00 141.00 OK
r-oldrel-macos-x86_64 0.6 OK
r-oldrel-windows-ix86+x86_64 0.6 57.00 81.00 138.00 OK

Check Details

Version: 0.6
Check: compiled code
Result: NOTE
    File ‘tagcloud/libs/tagcloud.so’:
     Found no calls to: ‘R_registerRoutines’, ‘R_useDynamicSymbols’
    
    It is good practice to register native routines and to disable symbol
    search.
    
    See ‘Writing portable packages’ in the ‘Writing R Extensions’ manual.
Flavors: r-devel-linux-x86_64-fedora-clang, r-devel-linux-x86_64-fedora-gcc