CRAN Package Check Results for Package tabularmaps

Last updated on 2021-10-24 15:51:20 CEST.

Flavor Version Tinstall Tcheck Ttotal Status Flags
r-devel-linux-x86_64-debian-clang 0.1.0 4.72 56.66 61.38 OK
r-devel-linux-x86_64-debian-gcc 0.1.0 4.06 42.54 46.60 OK
r-devel-linux-x86_64-fedora-clang 0.1.0 84.56 NOTE
r-devel-linux-x86_64-fedora-gcc 0.1.0 70.97 NOTE
r-devel-windows-x86_64 0.1.0 11.00 81.00 92.00 OK
r-devel-windows-x86_64-gcc10-UCRT 0.1.0 NOTE
r-patched-linux-x86_64 0.1.0 4.76 52.26 57.02 OK
r-patched-solaris-x86 0.1.0 104.50 NOTE
r-release-linux-x86_64 0.1.0 4.61 51.93 56.54 OK
r-release-macos-arm64 0.1.0 NOTE
r-release-macos-x86_64 0.1.0 NOTE
r-release-windows-ix86+x86_64 0.1.0 11.00 79.00 90.00 OK
r-oldrel-macos-x86_64 0.1.0 NOTE
r-oldrel-windows-ix86+x86_64 0.1.0 14.00 77.00 91.00 OK

Check Details

Version: 0.1.0
Check: data for non-ASCII characters
Result: NOTE
     Note: found 81 marked UTF-8 strings
Flavors: r-devel-linux-x86_64-fedora-clang, r-devel-linux-x86_64-fedora-gcc, r-devel-windows-x86_64-gcc10-UCRT, r-patched-solaris-x86, r-release-macos-arm64, r-release-macos-x86_64, r-oldrel-macos-x86_64