CRAN Package Check Results for Package systemicrisk

Last updated on 2022-01-23 02:56:27 CET.

Flavor Version Tinstall Tcheck Ttotal Status Flags
r-devel-linux-x86_64-debian-clang 0.4.2 27.14 205.89 233.03 OK
r-devel-linux-x86_64-debian-gcc 0.4.2 20.06 164.00 184.06 OK
r-devel-linux-x86_64-fedora-clang 0.4.2 158.76 OK
r-devel-linux-x86_64-fedora-gcc 0.4.2 291.57 OK
r-devel-windows-x86_64-new-UL 0.4.2 116.00 120.00 236.00 WARN
r-devel-windows-x86_64-new-TK 0.4.2 OK
r-patched-linux-x86_64 0.4.2 26.47 54.83 81.30 OK
r-release-linux-x86_64 0.4.2 23.34 55.24 78.58 OK
r-release-macos-arm64 0.4.2 OK
r-release-macos-x86_64 0.4.2 OK
r-release-windows-ix86+x86_64 0.4.2 68.00 110.00 178.00 OK
r-oldrel-macos-x86_64 0.4.2 OK
r-oldrel-windows-ix86+x86_64 0.4.2 69.00 111.00 180.00 OK

Check Details

Version: 0.4.2
Check: re-building of vignette outputs
Result: WARN
    Error(s) in re-building vignettes:
    --- re-building 'HierarchicalModels.Rmd' using knitr
    Quitting from lines 32-33 (HierarchicalModels.Rmd)
    Error: processing vignette 'HierarchicalModels.Rmd' failed with diagnostics:
    Could not find feasible matrix. Subrectangle in row(s) 5 and column(s) 5 violates existence condition.
    --- failed re-building 'HierarchicalModels.Rmd'
    
    --- re-building 'Introduction.Rmd' using knitr
    --- finished re-building 'Introduction.Rmd'
    
    --- re-building 'NonSquare.Rmd' using knitr
    --- finished re-building 'NonSquare.Rmd'
    
    SUMMARY: processing the following file failed:
     'HierarchicalModels.Rmd'
    
    Error: Vignette re-building failed.
    Execution halted
Flavor: r-devel-windows-x86_64-new-UL