CRAN Package Check Results for Package systemfonts

Last updated on 2024-06-16 03:57:41 CEST.

Flavor Version Tinstall Tcheck Ttotal Status Flags
r-devel-linux-x86_64-debian-clang 1.1.0 50.03 41.65 91.68 NOTE
r-devel-linux-x86_64-debian-gcc 1.1.0 38.63 31.71 70.34 NOTE
r-devel-linux-x86_64-fedora-clang 1.1.0 143.24 NOTE
r-devel-linux-x86_64-fedora-gcc 1.1.0 155.76 NOTE
r-devel-windows-x86_64 1.1.0 53.00 82.00 135.00 NOTE
r-patched-linux-x86_64 1.1.0 48.63 39.97 88.60 OK
r-release-linux-x86_64 1.1.0 45.85 40.92 86.77 OK
r-release-macos-arm64 1.1.0 61.00 NOTE
r-release-macos-x86_64 1.1.0 65.00 NOTE
r-release-windows-x86_64 1.1.0 55.00 84.00 139.00 OK
r-oldrel-macos-arm64 1.1.0 49.00 NOTE
r-oldrel-macos-x86_64 1.1.0 83.00 NOTE
r-oldrel-windows-x86_64 1.1.0 65.00 106.00 171.00 OK

Check Details

Version: 1.1.0
Check: compiled code
Result: NOTE File ‘systemfonts/libs/systemfonts.so’: Found non-API calls to R: ‘SETLENGTH’, ‘SET_TRUELENGTH’ Compiled code should not call non-API entry points in R. See ‘Writing portable packages’ in the ‘Writing R Extensions’ manual. Flavor: r-devel-linux-x86_64-debian-clang

Version: 1.1.0
Check: compiled code
Result: NOTE File ‘systemfonts/libs/systemfonts.so’: Found non-API calls to R: ‘SETLENGTH’, ‘SET_GROWABLE_BIT’, ‘SET_TRUELENGTH’ Compiled code should not call non-API entry points in R. See ‘Writing portable packages’ in the ‘Writing R Extensions’ manual. Flavors: r-devel-linux-x86_64-debian-gcc, r-devel-linux-x86_64-fedora-clang, r-devel-linux-x86_64-fedora-gcc

Version: 1.1.0
Check: compiled code
Result: NOTE File 'systemfonts/libs/x64/systemfonts.dll': Found non-API calls to R: 'SETLENGTH', 'SET_TRUELENGTH' Compiled code should not call non-API entry points in R. See 'Writing portable packages' in the 'Writing R Extensions' manual. Flavor: r-devel-windows-x86_64

Version: 1.1.0
Check: installed package size
Result: NOTE installed size is 22.7Mb sub-directories of 1Mb or more: libs 22.4Mb Flavors: r-release-macos-arm64, r-release-macos-x86_64, r-oldrel-macos-arm64, r-oldrel-macos-x86_64