Last updated on 2023-03-24 16:53:37 CET.
Flavor | Version | Tinstall | Tcheck | Ttotal | Status | Flags |
---|---|---|---|---|---|---|
r-devel-linux-x86_64-debian-clang | 1.1-28 | 13.14 | 204.35 | 217.49 | WARN | |
r-devel-linux-x86_64-debian-gcc | 1.1-30 | 10.20 | 153.76 | 163.96 | OK | |
r-devel-linux-x86_64-fedora-clang | 1.1-30 | 283.56 | OK | |||
r-devel-linux-x86_64-fedora-gcc | 1.1-30 | 277.02 | OK | |||
r-devel-windows-x86_64 | 1.1-30 | 40.00 | 211.00 | 251.00 | OK | |
r-patched-linux-x86_64 | 1.1-28 | 14.18 | 191.75 | 205.93 | OK | |
r-release-linux-x86_64 | 1.1-30 | 13.73 | 193.69 | 207.42 | OK | |
r-release-macos-arm64 | 1.1-30 | 54.00 | OK | |||
r-release-macos-x86_64 | 1.1-30 | 114.00 | OK | |||
r-release-windows-x86_64 | 1.1-30 | 34.00 | 236.00 | 270.00 | OK | |
r-oldrel-macos-arm64 | 1.1-30 | 67.00 | OK | |||
r-oldrel-macos-x86_64 | 1.1-30 | 108.00 | OK | |||
r-oldrel-windows-ix86+x86_64 | 1.1-28 | 25.00 | 236.00 | 261.00 | OK |
Version: 1.1-28
Check: S3 generic/method consistency
Result: WARN
bread:
function(x, ...)
bread.systemfit:
function(obj, ...)
estfun:
function(x, ...)
estfun.systemfit:
function(obj, residFit, ...)
See section ‘Generic functions and methods’ in the ‘Writing R
Extensions’ manual.
Flavor: r-devel-linux-x86_64-debian-clang