CRAN Package Check Results for Package sys

Last updated on 2021-08-05 15:53:05 CEST.

Flavor Version Tinstall Tcheck Ttotal Status Flags
r-devel-linux-x86_64-debian-clang 3.4 2.59 25.17 27.76 NOTE
r-devel-linux-x86_64-debian-gcc 3.4 1.78 20.50 22.28 NOTE
r-devel-linux-x86_64-fedora-clang 3.4 43.11 NOTE
r-devel-linux-x86_64-fedora-gcc 3.4 32.93 NOTE
r-devel-windows-x86_64 3.4 7.00 45.00 52.00 NOTE
r-devel-windows-x86_64-gcc10-UCRT 3.4 ERROR
r-patched-linux-x86_64 3.4 2.47 24.99 27.46 NOTE
r-patched-solaris-x86 3.4 56.30 NOTE
r-release-linux-x86_64 3.4 2.23 25.19 27.42 NOTE
r-release-macos-arm64 3.4 NOTE
r-release-macos-x86_64 3.4 NOTE
r-release-windows-ix86+x86_64 3.4 14.00 57.00 71.00 NOTE
r-oldrel-macos-x86_64 3.4 OK
r-oldrel-windows-ix86+x86_64 3.4 11.00 71.00 82.00 NOTE

Check Details

Version: 3.4
Check: LazyData
Result: NOTE
     'LazyData' is specified without a 'data' directory
Flavors: r-devel-linux-x86_64-debian-clang, r-devel-linux-x86_64-debian-gcc, r-devel-linux-x86_64-fedora-clang, r-devel-linux-x86_64-fedora-gcc, r-devel-windows-x86_64, r-devel-windows-x86_64-gcc10-UCRT, r-patched-linux-x86_64, r-patched-solaris-x86, r-release-linux-x86_64, r-release-macos-arm64, r-release-macos-x86_64, r-release-windows-ix86+x86_64

Version: 3.4
Check: package dependencies
Result: NOTE
    Package suggested but not available for checking: 'unix'
Flavors: r-devel-windows-x86_64, r-release-windows-ix86+x86_64, r-oldrel-windows-ix86+x86_64

Version: 3.4
Check: package dependencies
Result: NOTE
    Packages suggested but not available for checking: 'unix', 'testthat'
Flavor: r-devel-windows-x86_64-gcc10-UCRT

Version: 3.4
Check: tests
Result: ERROR
     Running 'spelling.R'
     Running 'testthat.R'
    Running the tests in 'tests/testthat.R' failed.
    Complete output:
     > library(testthat)
     Error in library(testthat) : there is no package called 'testthat'
     Execution halted
Flavor: r-devel-windows-x86_64-gcc10-UCRT