Last updated on 2023-05-30 16:00:47 CEST.
Flavor | Version | Tinstall | Tcheck | Ttotal | Status | Flags |
---|---|---|---|---|---|---|
r-devel-linux-x86_64-debian-clang | 1.2.1 | 18.48 | 191.72 | 210.20 | OK | |
r-devel-linux-x86_64-debian-gcc | 1.2.1 | 14.10 | 140.98 | 155.08 | OK | |
r-devel-linux-x86_64-fedora-clang | 1.2.1 | 259.88 | NOTE | |||
r-devel-linux-x86_64-fedora-gcc | 1.2.1 | 260.60 | NOTE | |||
r-devel-windows-x86_64 | 1.2.1 | 17.00 | 151.00 | 168.00 | OK | |
r-patched-linux-x86_64 | 1.2.1 | 14.95 | 181.27 | 196.22 | OK | |
r-release-linux-x86_64 | 1.2.1 | 13.37 | 180.64 | 194.01 | OK | |
r-release-macos-arm64 | 1.2.1 | 74.00 | NOTE | |||
r-release-macos-x86_64 | 1.2.1 | 134.00 | NOTE | |||
r-release-windows-x86_64 | 1.2.1 | 20.00 | 172.00 | 192.00 | OK | |
r-oldrel-macos-arm64 | 1.2.1 | 115.00 | NOTE | |||
r-oldrel-macos-x86_64 | 1.2.1 | 205.00 | NOTE | |||
r-oldrel-windows-x86_64 | 1.2.1 | 20.00 | 170.00 | 190.00 | OK |
Version: 1.2.1
Check: package dependencies
Result: NOTE
Suggests orphaned package: ‘udunits2’
Flavors: r-devel-linux-x86_64-fedora-clang, r-devel-linux-x86_64-fedora-gcc
Version: 1.2.1
Check: installed package size
Result: NOTE
installed size is 5.0Mb
sub-directories of 1Mb or more:
data 1.5Mb
extdata 3.4Mb
Flavors: r-devel-linux-x86_64-fedora-clang, r-release-macos-arm64, r-release-macos-x86_64, r-oldrel-macos-arm64, r-oldrel-macos-x86_64
Version: 1.2.1
Check: dependencies in R code
Result: NOTE
Namespace in Imports field not imported from: ‘metR’
All declared Imports should be used.
Flavors: r-devel-linux-x86_64-fedora-clang, r-devel-linux-x86_64-fedora-gcc, r-oldrel-macos-arm64, r-oldrel-macos-x86_64