Last updated on 2022-05-16 03:53:45 CEST.
Flavor | Version | Tinstall | Tcheck | Ttotal | Status | Flags |
---|---|---|---|---|---|---|
r-devel-linux-x86_64-debian-clang | 1.2.1 | 24.06 | 201.63 | 225.69 | NOTE | |
r-devel-linux-x86_64-debian-gcc | 1.2.1 | 17.50 | 146.87 | 164.37 | NOTE | |
r-devel-linux-x86_64-fedora-clang | 1.2.1 | 271.33 | NOTE | |||
r-devel-linux-x86_64-fedora-gcc | 1.2.1 | 269.08 | NOTE | |||
r-devel-windows-x86_64 | 1.2.1 | 35.00 | 174.00 | 209.00 | OK | |
r-patched-linux-x86_64 | 1.2.1 | 19.94 | 194.85 | 214.79 | NOTE | |
r-release-linux-x86_64 | 1.2.1 | 19.25 | 192.23 | 211.48 | NOTE | |
r-release-macos-arm64 | 1.2.1 | 115.00 | NOTE | |||
r-release-macos-x86_64 | 1.2.1 | 205.00 | NOTE | |||
r-release-windows-x86_64 | 1.2.1 | 31.00 | 177.00 | 208.00 | OK | |
r-oldrel-macos-arm64 | 1.2.1 | 111.00 | NOTE | |||
r-oldrel-macos-x86_64 | 1.2.1 | 142.00 | NOTE | |||
r-oldrel-windows-ix86+x86_64 | 1.2.1 | 38.00 | 679.00 | 717.00 | OK |
Version: 1.2.1
Check: package dependencies
Result: NOTE
Suggests orphaned package: 'udunits2'
Flavors: r-devel-linux-x86_64-debian-clang, r-devel-linux-x86_64-debian-gcc, r-devel-linux-x86_64-fedora-clang, r-devel-linux-x86_64-fedora-gcc, r-patched-linux-x86_64, r-release-linux-x86_64
Version: 1.2.1
Check: installed package size
Result: NOTE
installed size is 5.0Mb
sub-directories of 1Mb or more:
data 1.5Mb
extdata 3.4Mb
Flavors: r-devel-linux-x86_64-fedora-clang, r-release-macos-arm64, r-release-macos-x86_64, r-oldrel-macos-arm64, r-oldrel-macos-x86_64
Version: 1.2.1
Check: dependencies in R code
Result: NOTE
Namespace in Imports field not imported from: ‘metR’
All declared Imports should be used.
Flavors: r-devel-linux-x86_64-fedora-clang, r-devel-linux-x86_64-fedora-gcc, r-release-macos-arm64, r-release-macos-x86_64, r-oldrel-macos-arm64, r-oldrel-macos-x86_64
Version: 1.2.1
Check: package dependencies
Result: NOTE
Package suggested but not available for checking: ‘udunits2’
Flavors: r-oldrel-macos-arm64, r-oldrel-macos-x86_64