CRAN Package Check Results for Package syn

Last updated on 2024-07-14 15:55:02 CEST.

Flavor Version Tinstall Tcheck Ttotal Status Flags
r-devel-linux-x86_64-debian-clang 0.1.0 12.71 29.00 41.71 NOTE
r-devel-linux-x86_64-debian-gcc 0.1.0 11.43 22.66 34.09 NOTE
r-devel-linux-x86_64-fedora-clang 0.1.0 55.12 NOTE
r-devel-linux-x86_64-fedora-gcc 0.1.0 52.85 NOTE
r-devel-windows-x86_64 0.1.0 13.00 46.00 59.00 NOTE
r-patched-linux-x86_64 0.1.0 12.50 27.87 40.37 NOTE
r-release-linux-x86_64 0.1.0 13.36 27.60 40.96 NOTE
r-release-macos-arm64 0.1.0 25.00 NOTE
r-release-macos-x86_64 0.1.0 33.00 NOTE
r-release-windows-x86_64 0.1.0 12.00 45.00 57.00 NOTE
r-oldrel-macos-arm64 0.1.0 23.00 NOTE
r-oldrel-macos-x86_64 0.1.0 32.00 NOTE
r-oldrel-windows-x86_64 0.1.0 12.00 48.00 60.00 NOTE

Check Details

Version: 0.1.0
Check: LazyData
Result: NOTE 'LazyData' is specified without a 'data' directory Flavors: r-devel-linux-x86_64-debian-clang, r-devel-linux-x86_64-debian-gcc, r-devel-linux-x86_64-fedora-clang, r-devel-linux-x86_64-fedora-gcc, r-devel-windows-x86_64, r-patched-linux-x86_64, r-release-linux-x86_64, r-release-macos-arm64, r-release-macos-x86_64, r-release-windows-x86_64, r-oldrel-macos-arm64, r-oldrel-macos-x86_64, r-oldrel-windows-x86_64