CRAN Package Check Results for Package svglite

Last updated on 2021-12-03 15:52:36 CET.

Flavor Version Tinstall Tcheck Ttotal Status Flags
r-devel-linux-x86_64-debian-clang 2.0.0 11.68 28.92 40.60 OK
r-devel-linux-x86_64-debian-gcc 2.0.0 7.72 22.91 30.63 OK
r-devel-linux-x86_64-fedora-clang 2.0.0 66.06 OK
r-devel-linux-x86_64-fedora-gcc 2.0.0 53.07 OK
r-devel-windows-x86_64-new-UL 2.0.0 21.00 106.00 127.00 ERROR
r-devel-windows-x86_64-new-TK 2.0.0 OK
r-devel-windows-x86_64-old 2.0.0 18.00 48.00 66.00 OK
r-patched-linux-x86_64 2.0.0 12.20 28.66 40.86 OK
r-release-linux-x86_64 2.0.0 11.33 28.54 39.87 OK
r-release-macos-arm64 2.0.0 OK
r-release-macos-x86_64 2.0.0 OK
r-release-windows-ix86+x86_64 2.0.0 34.00 74.00 108.00 OK
r-oldrel-macos-x86_64 2.0.0 OK
r-oldrel-windows-ix86+x86_64 2.0.0 33.00 71.00 104.00 OK

Check Details

Version: 2.0.0
Check: tests
Result: ERROR
     Running 'testthat.R' [4s]
    Running the tests in 'tests/testthat.R' failed.
    Complete output:
     > library(testthat)
     > library(svglite)
     >
     > test_check("svglite")
     ══ Skipped tests ═══════════════════════════════════════════════════════════════
     • On Windows (1)
     • empty test (4)
    
     ══ Failed tests ════════════════════════════════════════════════════════════════
     ── Failure (test-text-fonts.R:10:3): font sets weight/style ────────────────────
     style_attr(text, "font-weight") not equal to c(NA, "bold", NA, "bold").
     2/4 mismatches
     x[2]: NA
     y[2]: "bold"
    
     x[4]: NA
     y[4]: "bold"
    
     [ FAIL 1 | WARN 1 | SKIP 5 | PASS 104 ]
     Error: Test failures
     Execution halted
Flavor: r-devel-windows-x86_64-new-UL