CRAN Package Check Results for Package survivalsvm

Last updated on 2024-07-18 03:56:48 CEST.

Flavor Version Tinstall Tcheck Ttotal Status Flags
r-devel-linux-x86_64-debian-clang 0.0.5 9.48 92.98 102.46 OK
r-devel-linux-x86_64-debian-gcc 0.0.5 6.86 67.95 74.81 OK
r-devel-linux-x86_64-fedora-clang 0.0.5 128.62 NOTE
r-devel-linux-x86_64-fedora-gcc 0.0.5 118.08 NOTE
r-devel-windows-x86_64 0.0.5 10.00 97.00 107.00 NOTE
r-patched-linux-x86_64 0.0.5 18.00 85.65 103.65 OK
r-release-linux-x86_64 0.0.5 6.43 85.18 91.61 OK
r-release-macos-arm64 0.0.5 40.00 OK
r-release-macos-x86_64 0.0.5 53.00 OK
r-release-windows-x86_64 0.0.5 10.00 98.00 108.00 OK
r-oldrel-macos-arm64 0.0.5 43.00 OK
r-oldrel-macos-x86_64 0.0.5 65.00 OK
r-oldrel-windows-x86_64 0.0.5 13.00 115.00 128.00 OK

Check Details

Version: 0.0.5
Check: dependencies in R code
Result: NOTE Namespace in Imports field not imported from: ‘quadprog’ All declared Imports should be used. Flavors: r-devel-linux-x86_64-fedora-clang, r-devel-linux-x86_64-fedora-gcc

Version: 0.0.5
Check: Rd cross-references
Result: NOTE Found the following Rd file(s) with Rd \link{} targets missing package anchors: hybridFit.Rd: quadprog, ipop, nearPD regFit.Rd: quadprog, ipop, nearPD survivalsvm.Rd: quadprog, ipop, nearPD, Surv vanbelle1Fit.Rd: quadprog, ipop, nearPD vanbelle2Fit.Rd: quadprog, ipop, nearPD Please provide package anchors for all Rd \link{} targets not in the package itself and the base packages. Flavor: r-devel-windows-x86_64