CRAN Package Check Results for Package survival.svb

Last updated on 2024-06-17 15:03:22 CEST.

Flavor Version Tinstall Tcheck Ttotal Status Flags
r-devel-linux-x86_64-debian-clang 0.0-2 61.36 31.63 92.99 NOTE
r-devel-linux-x86_64-debian-gcc 0.0-2 36.47 25.04 61.51 NOTE
r-devel-linux-x86_64-fedora-clang 0.0-2 137.12 NOTE
r-devel-linux-x86_64-fedora-gcc 0.0-2 125.84 NOTE
r-devel-windows-x86_64 0.0-2 46.00 63.00 109.00 NOTE
r-patched-linux-x86_64 0.0-2 50.83 31.60 82.43 NOTE
r-release-linux-x86_64 0.0-2 48.44 31.57 80.01 NOTE
r-release-macos-arm64 0.0-2 31.00 NOTE
r-release-macos-x86_64 0.0-2 46.00 NOTE
r-release-windows-x86_64 0.0-2 46.00 67.00 113.00 NOTE
r-oldrel-macos-arm64 0.0-2 38.00 NOTE
r-oldrel-macos-x86_64 0.0-2 54.00 NOTE
r-oldrel-windows-x86_64 0.0-2 56.00 76.00 132.00 NOTE

Check Details

Version: 0.0-2
Check: C++ specification
Result: NOTE Specified C++11: please drop specification unless essential Flavors: r-devel-linux-x86_64-debian-clang, r-devel-linux-x86_64-debian-gcc, r-devel-linux-x86_64-fedora-clang, r-devel-linux-x86_64-fedora-gcc, r-devel-windows-x86_64, r-patched-linux-x86_64, r-release-linux-x86_64, r-release-macos-arm64, r-release-macos-x86_64, r-release-windows-x86_64, r-oldrel-macos-arm64, r-oldrel-macos-x86_64, r-oldrel-windows-x86_64