CRAN Package Check Results for Package survidm

Last updated on 2024-07-23 15:48:25 CEST.

Flavor Version Tinstall Tcheck Ttotal Status Flags
r-devel-linux-x86_64-debian-clang 1.3.2 27.35 166.39 193.74 NOTE
r-devel-linux-x86_64-debian-gcc 1.3.2 16.50 122.96 139.46 NOTE
r-devel-linux-x86_64-fedora-clang 1.3.2 225.36 NOTE
r-devel-linux-x86_64-fedora-gcc 1.3.2 223.59 NOTE
r-devel-windows-x86_64 1.3.2 25.00 131.00 156.00 NOTE
r-patched-linux-x86_64 1.3.2 22.17 158.31 180.48 NOTE
r-release-linux-x86_64 1.3.2 15.84 158.13 173.97 NOTE
r-release-macos-arm64 1.3.2 56.00 NOTE
r-release-macos-x86_64 1.3.2 102.00 NOTE
r-release-windows-x86_64 1.3.2 24.00 129.00 153.00 NOTE
r-oldrel-macos-arm64 1.3.2 69.00 OK
r-oldrel-macos-x86_64 1.3.2 111.00 OK
r-oldrel-windows-x86_64 1.3.2 28.00 164.00 192.00 OK

Check Details

Version: 1.3.2
Check: Rd files
Result: NOTE checkRd: (-1) tprob.Rd:138: Lost braces in \itemize; meant \describe ? checkRd: (-1) tprob.Rd:139: Lost braces in \itemize; meant \describe ? checkRd: (-1) tprob.Rd:140: Lost braces in \itemize; meant \describe ? checkRd: (-1) tprob.Rd:141: Lost braces in \itemize; meant \describe ? checkRd: (-1) tprob.Rd:142: Lost braces in \itemize; meant \describe ? checkRd: (-1) tprob.Rd:143: Lost braces in \itemize; meant \describe ? checkRd: (-1) tprob.Rd:144: Lost braces in \itemize; meant \describe ? checkRd: (-1) tprob.Rd:145: Lost braces in \itemize; meant \describe ? checkRd: (-1) tprob.Rd:146: Lost braces in \itemize; meant \describe ? Flavors: r-devel-linux-x86_64-debian-clang, r-devel-linux-x86_64-debian-gcc, r-devel-linux-x86_64-fedora-clang, r-devel-linux-x86_64-fedora-gcc, r-devel-windows-x86_64, r-patched-linux-x86_64, r-release-linux-x86_64, r-release-macos-arm64, r-release-macos-x86_64, r-release-windows-x86_64