CRAN Package Check Results for Package surveysd

Last updated on 2021-10-16 15:51:02 CEST.

Flavor Version Tinstall Tcheck Ttotal Status Flags
r-devel-linux-x86_64-debian-clang 1.3.0 41.23 144.24 185.47 NOTE --no-tests
r-devel-linux-x86_64-debian-gcc 1.3.0 29.75 127.08 156.83 NOTE --no-tests
r-devel-linux-x86_64-fedora-clang 1.3.0 380.78 NOTE
r-devel-linux-x86_64-fedora-gcc 1.3.0 434.88 NOTE
r-devel-windows-x86_64 1.3.0 49.00 192.00 241.00 NOTE
r-devel-windows-x86_64-gcc10-UCRT 1.3.0 NOTE
r-patched-linux-x86_64 1.3.0 39.03 139.39 178.42 NOTE --no-tests
r-patched-solaris-x86 1.3.0 345.80 NOTE
r-release-linux-x86_64 1.3.0 37.32 139.32 176.64 NOTE --no-tests
r-release-macos-arm64 1.3.0 NOTE
r-release-macos-x86_64 1.3.0 NOTE
r-release-windows-ix86+x86_64 1.3.0 111.00 389.00 500.00 NOTE
r-oldrel-macos-x86_64 1.3.0 OK
r-oldrel-windows-ix86+x86_64 1.3.0 110.00 394.00 504.00 OK

Check Details

Version: 1.3.0
Flags: --no-tests
Check: LazyData
Result: NOTE
     'LazyData' is specified without a 'data' directory
Flavors: r-devel-linux-x86_64-debian-clang, r-devel-linux-x86_64-debian-gcc, r-patched-linux-x86_64, r-release-linux-x86_64

Version: 1.3.0
Check: LazyData
Result: NOTE
     'LazyData' is specified without a 'data' directory
Flavors: r-devel-linux-x86_64-fedora-clang, r-devel-linux-x86_64-fedora-gcc, r-devel-windows-x86_64, r-devel-windows-x86_64-gcc10-UCRT, r-patched-solaris-x86, r-release-macos-arm64, r-release-macos-x86_64, r-release-windows-ix86+x86_64