CRAN Package Check Results for Package survey

Last updated on 2024-06-15 15:49:18 CEST.

Flavor Version Tinstall Tcheck Ttotal Status Flags
r-devel-linux-x86_64-debian-clang 4.4-2 61.80 472.67 534.47 OK
r-devel-linux-x86_64-debian-gcc 4.4-2 48.31 335.88 384.19 OK
r-devel-linux-x86_64-fedora-clang 4.4-2 484.03 OK
r-devel-linux-x86_64-fedora-gcc 4.4-2 462.47 OK
r-devel-windows-x86_64 4.4-2 53.00 417.00 470.00 OK
r-patched-linux-x86_64 4.4-2 70.50 432.95 503.45 OK
r-release-linux-x86_64 4.4-2 57.91 439.75 497.66 OK
r-release-macos-arm64 4.4-2 171.00 NOTE
r-release-macos-x86_64 4.4-2 376.00 NOTE
r-release-windows-x86_64 4.4-2 54.00 422.00 476.00 OK
r-oldrel-macos-arm64 4.4-2 192.00 NOTE
r-oldrel-macos-x86_64 4.4-2 543.00 NOTE
r-oldrel-windows-x86_64 4.4-2 71.00 500.00 571.00 OK

Check Details

Version: 4.4-2
Check: installed package size
Result: NOTE installed size is 6.8Mb sub-directories of 1Mb or more: R 2.1Mb doc 1.5Mb libs 2.0Mb Flavors: r-release-macos-arm64, r-release-macos-x86_64, r-oldrel-macos-arm64, r-oldrel-macos-x86_64