CRAN Package Check Results for Package survMisc

Last updated on 2024-07-22 15:57:35 CEST.

Flavor Version Tinstall Tcheck Ttotal Status Flags
r-devel-linux-x86_64-debian-clang 0.5.6 13.00 134.70 147.70 NOTE
r-devel-linux-x86_64-debian-gcc 0.5.6 11.09 100.88 111.97 NOTE
r-devel-linux-x86_64-fedora-clang 0.5.6 194.12 NOTE
r-devel-linux-x86_64-fedora-gcc 0.5.6 185.41 NOTE
r-devel-windows-x86_64 0.5.6 12.00 127.00 139.00 NOTE
r-patched-linux-x86_64 0.5.6 12.68 132.03 144.71 NOTE
r-release-linux-x86_64 0.5.6 12.18 130.92 143.10 NOTE
r-release-macos-arm64 0.5.6 57.00 NOTE
r-release-macos-x86_64 0.5.6 94.00 WARN
r-release-windows-x86_64 0.5.6 12.00 127.00 139.00 NOTE
r-oldrel-macos-arm64 0.5.6 58.00 OK
r-oldrel-macos-x86_64 0.5.6 96.00 OK
r-oldrel-windows-x86_64 0.5.6 17.00 147.00 164.00 OK

Check Details

Version: 0.5.6
Check: Rd files
Result: NOTE checkRd: (-1) sf.Rd:66: Lost braces; missing escapes or markup? 66 | A {data.table} which is stored as an attribute of | ^ Flavors: r-devel-linux-x86_64-debian-clang, r-devel-linux-x86_64-debian-gcc, r-devel-linux-x86_64-fedora-clang, r-devel-linux-x86_64-fedora-gcc, r-devel-windows-x86_64, r-patched-linux-x86_64, r-release-linux-x86_64, r-release-macos-arm64, r-release-macos-x86_64, r-release-windows-x86_64

Version: 0.5.6
Check: re-building of vignette outputs
Result: WARN Error(s) in re-building vignettes: ... --- re-building ‘plots.Rnw’ using knitr Error: processing vignette 'plots.Rnw' failed with diagnostics: Running 'texi2dvi' on 'plots.tex' failed. LaTeX errors: ! Undefined control sequence. l.93 \hlkwd{data}\hldef {(}\hlsng{"kidney"}\hldef{,} \hlkwc{package}\hldef{=}... ? ! Emergency stop. l.93 End of file on the terminal! ! ==> Fatal error occurred, no output PDF file produced! --- failed re-building ‘plots.Rnw’ SUMMARY: processing the following file failed: ‘plots.Rnw’ Error: Vignette re-building failed. Execution halted Flavor: r-release-macos-x86_64