CRAN Package Check Results for Package surv2sampleComp

Last updated on 2022-01-18 03:52:28 CET.

Flavor Version Tinstall Tcheck Ttotal Status Flags
r-devel-linux-x86_64-debian-clang 1.0-5 10.22 108.03 118.25 NOTE
r-devel-linux-x86_64-debian-gcc 1.0-5 7.86 80.10 87.96 NOTE
r-devel-linux-x86_64-fedora-clang 1.0-5 146.42 NOTE
r-devel-linux-x86_64-fedora-gcc 1.0-5 127.62 NOTE
r-devel-windows-x86_64-new-UL 1.0-5 18.00 119.00 137.00 NOTE
r-devel-windows-x86_64-new-TK 1.0-5 NOTE
r-patched-linux-x86_64 1.0-5 8.77 100.38 109.15 NOTE
r-release-linux-x86_64 1.0-5 NOTE
r-release-macos-arm64 1.0-5 NOTE
r-release-macos-x86_64 1.0-5 NOTE
r-release-windows-ix86+x86_64 1.0-5 25.00 117.00 142.00 NOTE
r-oldrel-macos-x86_64 1.0-5 OK
r-oldrel-windows-ix86+x86_64 1.0-5 25.00 116.00 141.00 OK

Check Details

Version: 1.0-5
Check: LazyData
Result: NOTE
     'LazyData' is specified without a 'data' directory
Flavors: r-devel-linux-x86_64-debian-clang, r-devel-linux-x86_64-debian-gcc, r-devel-linux-x86_64-fedora-clang, r-devel-linux-x86_64-fedora-gcc, r-devel-windows-x86_64-new-UL, r-devel-windows-x86_64-new-TK, r-patched-linux-x86_64, r-release-linux-x86_64, r-release-macos-arm64, r-release-macos-x86_64, r-release-windows-ix86+x86_64