CRAN Package Check Results for Package supreme

Last updated on 2022-01-29 03:59:37 CET.

Flavor Version Tinstall Tcheck Ttotal Status Flags
r-devel-linux-x86_64-debian-clang 1.1.0 3.77 45.84 49.61 NOTE
r-devel-linux-x86_64-debian-gcc 1.1.0 2.91 35.85 38.76 NOTE
r-devel-linux-x86_64-fedora-clang 1.1.0 56.19 NOTE
r-devel-linux-x86_64-fedora-gcc 1.1.0 44.41 NOTE
r-devel-windows-x86_64-new-UL 1.1.0 43.00 67.00 110.00 NOTE
r-devel-windows-x86_64-new-TK 1.1.0 NOTE
r-patched-linux-x86_64 1.1.0 3.54 38.78 42.32 NOTE
r-release-linux-x86_64 1.1.0 3.25 38.15 41.40 NOTE
r-release-macos-arm64 1.1.0 NOTE
r-release-macos-x86_64 1.1.0 NOTE
r-release-windows-ix86+x86_64 1.1.0 9.00 50.00 59.00 NOTE
r-oldrel-macos-x86_64 1.1.0 NOTE
r-oldrel-windows-ix86+x86_64 1.1.0 8.00 48.00 56.00 OK

Check Details

Version: 1.1.0
Check: LazyData
Result: NOTE
     'LazyData' is specified without a 'data' directory
Flavors: r-devel-linux-x86_64-debian-clang, r-devel-linux-x86_64-debian-gcc, r-devel-linux-x86_64-fedora-clang, r-devel-linux-x86_64-fedora-gcc, r-devel-windows-x86_64-new-UL, r-devel-windows-x86_64-new-TK, r-patched-linux-x86_64, r-release-linux-x86_64, r-release-macos-arm64, r-release-macos-x86_64, r-release-windows-ix86+x86_64

Version: 1.1.0
Check: dependencies in R code
Result: NOTE
    Namespace in Imports field not imported from: ‘shiny’
     All declared Imports should be used.
Flavors: r-devel-linux-x86_64-fedora-clang, r-devel-linux-x86_64-fedora-gcc, r-devel-windows-x86_64-new-TK, r-release-macos-arm64, r-release-macos-x86_64, r-oldrel-macos-x86_64