CRAN Package Check Results for Package superb

Last updated on 2021-10-22 03:55:40 CEST.

Flavor Version Tinstall Tcheck Ttotal Status Flags
r-devel-linux-x86_64-debian-clang 0.9.7.6 10.96 267.70 278.66 OK
r-devel-linux-x86_64-debian-gcc 0.9.7.7 8.06 176.34 184.40 OK
r-devel-linux-x86_64-fedora-clang 0.9.7.7 309.69 NOTE
r-devel-linux-x86_64-fedora-gcc 0.9.7.7 299.68 NOTE
r-devel-windows-x86_64 0.9.7.6 17.00 286.00 303.00 NOTE
r-devel-windows-x86_64-gcc10-UCRT 0.9.7.6 NOTE
r-patched-linux-x86_64 0.9.7.7 8.96 261.86 270.82 OK
r-patched-solaris-x86 0.9.7.7 250.50 NOTE
r-release-linux-x86_64 0.9.7.6 9.25 270.11 279.36 OK
r-release-macos-arm64 0.9.7.6 NOTE
r-release-macos-x86_64 0.9.7.6 NOTE
r-release-windows-ix86+x86_64 0.9.7.6 22.00 350.00 372.00 NOTE
r-oldrel-macos-x86_64 0.9.7.6 NOTE
r-oldrel-windows-ix86+x86_64 0.9.7.6 22.00 355.00 377.00 NOTE

Check Details

Version: 0.9.7.7
Check: installed package size
Result: NOTE
     installed size is 12.8Mb
     sub-directories of 1Mb or more:
     doc 12.2Mb
Flavors: r-devel-linux-x86_64-fedora-clang, r-patched-solaris-x86

Version: 0.9.7.7
Check: dependencies in R code
Result: NOTE
    Namespace in Imports field not imported from: ‘psych’
     All declared Imports should be used.
Flavors: r-devel-linux-x86_64-fedora-clang, r-devel-linux-x86_64-fedora-gcc, r-patched-solaris-x86

Version: 0.9.7.6
Check: installed package size
Result: NOTE
     installed size is 12.1Mb
     sub-directories of 1Mb or more:
     doc 11.7Mb
Flavors: r-devel-windows-x86_64, r-release-macos-arm64, r-release-macos-x86_64, r-release-windows-ix86+x86_64, r-oldrel-macos-x86_64, r-oldrel-windows-ix86+x86_64

Version: 0.9.7.6
Check: dependencies in R code
Result: NOTE
    Namespace in Imports field not imported from: 'psych'
     All declared Imports should be used.
Flavors: r-devel-windows-x86_64-gcc10-UCRT, r-release-macos-arm64, r-release-macos-x86_64, r-oldrel-macos-x86_64