CRAN Package Check Results for Package subscreen

Last updated on 2022-06-26 03:50:14 CEST.

Flavor Version Tinstall Tcheck Ttotal Status Flags
r-devel-linux-x86_64-debian-clang 3.0.7 8.75 85.45 94.20 OK
r-devel-linux-x86_64-debian-gcc 3.0.7 7.49 64.47 71.96 OK
r-devel-linux-x86_64-fedora-clang 3.0.7 127.62 NOTE
r-devel-linux-x86_64-fedora-gcc 3.0.7 122.66 NOTE
r-devel-windows-x86_64 3.0.7 15.00 106.00 121.00 OK
r-patched-linux-x86_64 3.0.7 10.62 80.74 91.36 OK
r-release-linux-x86_64 3.0.7 8.45 81.45 89.90 OK
r-release-macos-arm64 3.0.7 40.00 NOTE
r-release-macos-x86_64 3.0.7 54.00 NOTE
r-release-windows-x86_64 3.0.7 20.00 108.00 128.00 OK
r-oldrel-macos-arm64 3.0.7 37.00 NOTE
r-oldrel-macos-x86_64 3.0.7 50.00 NOTE
r-oldrel-windows-ix86+x86_64 3.0.7 23.00 105.00 128.00 OK

Check Details

Version: 3.0.7
Check: dependencies in R code
Result: NOTE
    Namespaces in Imports field not imported from:
     ‘DT’ ‘bsplus’ ‘colourpicker’ ‘grDevices’ ‘graphics’ ‘jsonlite’
     ‘purrr’ ‘shinyjs’
     All declared Imports should be used.
Flavors: r-devel-linux-x86_64-fedora-clang, r-devel-linux-x86_64-fedora-gcc, r-release-macos-arm64, r-release-macos-x86_64, r-oldrel-macos-arm64, r-oldrel-macos-x86_64