CRAN Package Check Results for Package styler

Last updated on 2021-11-29 15:51:28 CET.

Flavor Version Tinstall Tcheck Ttotal Status Flags
r-devel-linux-x86_64-debian-clang 1.6.2 10.42 328.55 338.97 OK
r-devel-linux-x86_64-debian-gcc 1.6.2 8.63 239.25 247.88 OK
r-devel-linux-x86_64-fedora-clang 1.6.2 406.44 NOTE
r-devel-linux-x86_64-fedora-gcc 1.6.2 391.20 NOTE
r-devel-windows-x86_64-new-UL 1.6.2 49.00 444.00 493.00 OK
r-devel-windows-x86_64-new-TK 1.6.2 NOTE
r-devel-windows-x86_64-old 1.6.2 16.00 315.00 331.00 OK
r-patched-linux-x86_64 1.6.2 13.25 313.89 327.14 OK
r-patched-solaris-x86 1.6.2 424.60 NOTE
r-release-linux-x86_64 1.6.2 10.99 320.24 331.23 OK
r-release-macos-arm64 1.6.2 NOTE
r-release-macos-x86_64 1.6.2 NOTE
r-release-windows-ix86+x86_64 1.6.2 19.00 307.00 326.00 OK
r-oldrel-macos-x86_64 1.6.2 NOTE
r-oldrel-windows-ix86+x86_64 1.6.2 14.00 393.00 407.00 OK

Check Details

Version: 1.6.2
Check: dependencies in R code
Result: NOTE
    Namespace in Imports field not imported from: ‘glue’
     All declared Imports should be used.
Flavors: r-devel-linux-x86_64-fedora-clang, r-devel-linux-x86_64-fedora-gcc, r-devel-windows-x86_64-new-TK, r-patched-solaris-x86, r-release-macos-arm64, r-release-macos-x86_64, r-oldrel-macos-x86_64