CRAN Package Check Results for Package strucchange

Last updated on 2021-12-08 03:58:35 CET.

Flavor Version Tinstall Tcheck Ttotal Status Flags
r-devel-linux-x86_64-debian-clang 1.5-2 9.22 109.41 118.63 NOTE
r-devel-linux-x86_64-debian-gcc 1.5-2 7.09 80.72 87.81 NOTE
r-devel-linux-x86_64-fedora-clang 1.5-2 147.83 NOTE
r-devel-linux-x86_64-fedora-gcc 1.5-2 130.25 NOTE
r-devel-windows-x86_64-new-UL 1.5-2 25.00 177.00 202.00 NOTE
r-devel-windows-x86_64-new-TK 1.5-2 NOTE
r-devel-windows-x86_64-old 1.5-2 17.00 105.00 122.00 NOTE
r-patched-linux-x86_64 1.5-2 10.40 107.04 117.44 NOTE
r-release-linux-x86_64 1.5-2 8.50 107.46 115.96 NOTE
r-release-macos-arm64 1.5-2 NOTE
r-release-macos-x86_64 1.5-2 NOTE
r-release-windows-ix86+x86_64 1.5-2 17.00 168.00 185.00 NOTE
r-oldrel-macos-x86_64 1.5-2 NOTE
r-oldrel-windows-ix86+x86_64 1.5-2 19.00 167.00 186.00 NOTE

Additional issues

rchk

Check Details

Version: 1.5-2
Check: R code for possible problems
Result: NOTE
    efpFunctional: multiple local function definitions for 'plotProcess'
     with different formal arguments
    mefp.efp: multiple local function definitions for 'computeEmpProc' with
     different formal arguments
Flavors: r-devel-linux-x86_64-debian-clang, r-devel-linux-x86_64-debian-gcc, r-devel-linux-x86_64-fedora-clang, r-devel-linux-x86_64-fedora-gcc, r-devel-windows-x86_64-new-UL, r-devel-windows-x86_64-new-TK, r-devel-windows-x86_64-old, r-patched-linux-x86_64, r-release-linux-x86_64, r-release-macos-arm64, r-release-macos-x86_64, r-release-windows-ix86+x86_64, r-oldrel-macos-x86_64, r-oldrel-windows-ix86+x86_64