CRAN Package Check Results for Package stringi

Last updated on 2021-09-27 15:48:55 CEST.

Flavor Version Tinstall Tcheck Ttotal Status Flags
r-devel-linux-x86_64-debian-clang 1.7.4 163.86 58.99 222.85 WARN
r-devel-linux-x86_64-debian-gcc 1.7.4 91.60 45.20 136.80 WARN
r-devel-linux-x86_64-fedora-clang 1.7.4 327.60 NOTE
r-devel-linux-x86_64-fedora-gcc 1.7.4 259.74 OK
r-devel-windows-x86_64 1.7.4 814.00 89.00 903.00 NOTE
r-devel-windows-x86_64-gcc10-UCRT 1.7.4 WARN
r-patched-linux-x86_64 1.7.4 127.33 58.28 185.61 WARN
r-patched-solaris-x86 1.7.4 459.20 NOTE
r-release-linux-x86_64 1.7.4 120.09 58.16 178.25 WARN
r-release-macos-arm64 1.7.4 NOTE
r-release-macos-x86_64 1.7.4 NOTE
r-release-windows-ix86+x86_64 1.7.4 1981.00 111.00 2092.00 NOTE
r-oldrel-macos-x86_64 1.7.4 NOTE
r-oldrel-windows-ix86+x86_64 1.7.4 1528.00 142.00 1670.00 NOTE

Additional issues

rchk valgrind

Check Details

Version: 1.7.4
Check: top-level files
Result: WARN
     Output from running autoreconf:
     configure.ac:429: warning: The macro `AC_LANG_CPLUSPLUS' is obsolete.
     configure.ac:429: You should run autoupdate.
     ./lib/autoconf/c.m4:262: AC_LANG_CPLUSPLUS is expanded from...
     lib/m4sugar/m4sh.m4:692: _AS_IF_ELSE is expanded from...
     lib/m4sugar/m4sh.m4:699: AS_IF is expanded from...
     ./lib/autoconf/general.m4:2249: AC_CACHE_VAL is expanded from...
     ./lib/autoconf/general.m4:2270: AC_CACHE_CHECK is expanded from...
     tools/AC_CXX_NAMESPACES.m4:12: AC_CXX_NAMESPACES is expanded from...
     lib/m4sugar/m4sh.m4:692: _AS_IF_ELSE is expanded from...
     lib/m4sugar/m4sh.m4:699: AS_IF is expanded from...
     ./lib/autoconf/general.m4:2249: AC_CACHE_VAL is expanded from...
     ./lib/autoconf/general.m4:2270: AC_CACHE_CHECK is expanded from...
     tools/AC_CXX_HAVE_STL.m4:20: AC_CXX_HAVE_STL is expanded from...
     configure.ac:429: the top level
     configure.ac:429: warning: The macro `AC_TRY_COMPILE' is obsolete.
     configure.ac:429: You should run autoupdate.
     ./lib/autoconf/general.m4:2847: AC_TRY_COMPILE is expanded from...
     lib/m4sugar/m4sh.m4:692: _AS_IF_ELSE is expanded from...
     lib/m4sugar/m4sh.m4:699: AS_IF is expanded from...
     ./lib/autoconf/general.m4:2249: AC_CACHE_VAL is expanded from...
     ./lib/autoconf/general.m4:2270: AC_CACHE_CHECK is expanded from...
     tools/AC_CXX_NAMESPACES.m4:12: AC_CXX_NAMESPACES is expanded from...
     lib/m4sugar/m4sh.m4:692: _AS_IF_ELSE is expanded from...
     lib/m4sugar/m4sh.m4:699: AS_IF is expanded from...
     ./lib/autoconf/general.m4:2249: AC_CACHE_VAL is expanded from...
     ./lib/autoconf/general.m4:2270: AC_CACHE_CHECK is expanded from...
     tools/AC_CXX_HAVE_STL.m4:20: AC_CXX_HAVE_STL is expanded from...
     configure.ac:429: the top level
     configure.ac:429: warning: The macro `AC_LANG_CPLUSPLUS' is obsolete.
     configure.ac:429: You should run autoupdate.
     ./lib/autoconf/c.m4:262: AC_LANG_CPLUSPLUS is expanded from...
     lib/m4sugar/m4sh.m4:692: _AS_IF_ELSE is expanded from...
     lib/m4sugar/m4sh.m4:699: AS_IF is expanded from...
     ./lib/autoconf/general.m4:2249: AC_CACHE_VAL is expanded from...
     ./lib/autoconf/general.m4:2270: AC_CACHE_CHECK is expanded from...
     tools/AC_CXX_HAVE_STL.m4:20: AC_CXX_HAVE_STL is expanded from...
     configure.ac:429: the top level
     configure.ac:429: warning: The macro `AC_TRY_COMPILE' is obsolete.
     configure.ac:429: You should run autoupdate.
     ./lib/autoconf/general.m4:2847: AC_TRY_COMPILE is expanded from...
     lib/m4sugar/m4sh.m4:692: _AS_IF_ELSE is expanded from...
     lib/m4sugar/m4sh.m4:699: AS_IF is expanded from...
     ./lib/autoconf/general.m4:2249: AC_CACHE_VAL is expanded from...
     ./lib/autoconf/general.m4:2270: AC_CACHE_CHECK is expanded from...
     tools/AC_CXX_HAVE_STL.m4:20: AC_CXX_HAVE_STL is expanded from...
     configure.ac:429: the top level
Flavors: r-devel-linux-x86_64-debian-clang, r-devel-linux-x86_64-debian-gcc, r-patched-linux-x86_64, r-release-linux-x86_64

Version: 1.7.4
Check: installed package size
Result: NOTE
     installed size is 5.8Mb
     sub-directories of 1Mb or more:
     libs 4.9Mb
Flavors: r-devel-linux-x86_64-fedora-clang, r-devel-windows-x86_64, r-patched-solaris-x86, r-release-macos-arm64, r-release-macos-x86_64, r-release-windows-ix86+x86_64, r-oldrel-macos-x86_64, r-oldrel-windows-ix86+x86_64

Version: 1.7.4
Check: whether package can be installed
Result: WARN
    Found the following significant warnings:
     icu69/common/cstring.h:43:70: warning: 'char* strncpy(char*, const char*, size_t)' output may be truncated copying 156 bytes from a string of length 156 [-Wstringop-truncation]
Flavor: r-devel-windows-x86_64-gcc10-UCRT