Last updated on 2023-02-01 03:54:29 CET.
Flavor | Version | Tinstall | Tcheck | Ttotal | Status | Flags |
---|---|---|---|---|---|---|
r-devel-linux-x86_64-debian-clang | 0.1.17 | 2.89 | 33.58 | 36.47 | NOTE | |
r-devel-linux-x86_64-debian-gcc | 0.1.17 | 2.96 | 25.99 | 28.95 | NOTE | |
r-devel-linux-x86_64-fedora-clang | 0.1.17 | 47.52 | NOTE | |||
r-devel-linux-x86_64-fedora-gcc | 0.1.17 | 47.25 | NOTE | |||
r-devel-windows-x86_64 | 0.1.17 | 52.00 | 70.00 | 122.00 | NOTE | |
r-patched-linux-x86_64 | 0.1.17 | 4.53 | 31.73 | 36.26 | NOTE | |
r-release-linux-x86_64 | 0.1.17 | 3.78 | 31.13 | 34.91 | NOTE | |
r-release-macos-arm64 | 0.1.17 | 17.00 | NOTE | |||
r-release-macos-x86_64 | 0.1.17 | 26.00 | NOTE | |||
r-release-windows-x86_64 | 0.1.17 | 50.00 | 66.00 | 116.00 | NOTE | |
r-oldrel-macos-arm64 | 0.1.17 | 21.00 | NOTE | |||
r-oldrel-macos-x86_64 | 0.1.17 | 31.00 | NOTE | |||
r-oldrel-windows-ix86+x86_64 | 0.1.17 | 8.00 | 59.00 | 67.00 | NOTE |
Version: 0.1.17
Check: LazyData
Result: NOTE
'LazyData' is specified without a 'data' directory
Flavors: r-devel-linux-x86_64-debian-clang, r-devel-linux-x86_64-debian-gcc, r-devel-linux-x86_64-fedora-clang, r-devel-linux-x86_64-fedora-gcc, r-devel-windows-x86_64, r-patched-linux-x86_64, r-release-linux-x86_64, r-release-macos-arm64, r-release-macos-x86_64, r-release-windows-x86_64, r-oldrel-macos-arm64, r-oldrel-macos-x86_64, r-oldrel-windows-ix86+x86_64