CRAN Package Check Results for Package strat

Last updated on 2021-12-07 03:53:57 CET.

Flavor Version Tinstall Tcheck Ttotal Status Flags
r-devel-linux-x86_64-debian-clang 0.1 29.68 44.53 74.21 OK
r-devel-linux-x86_64-debian-gcc 0.1 21.10 35.14 56.24 OK
r-devel-linux-x86_64-fedora-clang 0.1 100.81 NOTE
r-devel-linux-x86_64-fedora-gcc 0.1 83.46 NOTE
r-devel-windows-x86_64-new-UL 0.1 41.00 104.00 145.00 OK
r-devel-windows-x86_64-new-TK 0.1 OK
r-devel-windows-x86_64-old 0.1 40.00 50.00 90.00 OK
r-patched-linux-x86_64 0.1 25.97 34.29 60.26 OK
r-release-linux-x86_64 0.1 22.17 43.43 65.60 OK
r-release-macos-arm64 0.1 OK
r-release-macos-x86_64 0.1 OK
r-release-windows-ix86+x86_64 0.1 54.00 90.00 144.00 OK
r-oldrel-macos-x86_64 0.1 OK
r-oldrel-windows-ix86+x86_64 0.1 74.00 91.00 165.00 OK

Check Details

Version: 0.1
Check: compiled code
Result: NOTE
    File ‘strat/libs/strat.so’:
     Found no calls to: ‘R_registerRoutines’, ‘R_useDynamicSymbols’
    
    It is good practice to register native routines and to disable symbol
    search.
    
    See ‘Writing portable packages’ in the ‘Writing R Extensions’ manual.
Flavors: r-devel-linux-x86_64-fedora-clang, r-devel-linux-x86_64-fedora-gcc