CRAN Package Check Results for Package stopwords

Last updated on 2021-12-05 15:48:56 CET.

Flavor Version Tinstall Tcheck Ttotal Status Flags
r-devel-linux-x86_64-debian-clang 2.3 2.36 31.42 33.78 OK
r-devel-linux-x86_64-debian-gcc 2.3 1.73 26.55 28.28 OK
r-devel-linux-x86_64-fedora-clang 2.3 43.10 NOTE
r-devel-linux-x86_64-fedora-gcc 2.3 33.18 NOTE
r-devel-windows-x86_64-new-UL 2.3 9.00 63.00 72.00 OK
r-devel-windows-x86_64-new-TK 2.3 NOTE
r-devel-windows-x86_64-old 2.3 5.00 32.00 37.00 OK
r-patched-linux-x86_64 2.3 2.27 22.36 24.63 OK
r-release-linux-x86_64 2.3 2.22 30.04 32.26 OK
r-release-macos-arm64 2.3 NOTE
r-release-macos-x86_64 2.3 NOTE
r-release-windows-ix86+x86_64 2.3 6.00 42.00 48.00 OK
r-oldrel-macos-x86_64 2.3 NOTE
r-oldrel-windows-ix86+x86_64 2.3 7.00 41.00 48.00 OK

Check Details

Version: 2.3
Check: data for non-ASCII characters
Result: NOTE
     Note: found 22806 marked UTF-8 strings
Flavors: r-devel-linux-x86_64-fedora-clang, r-devel-linux-x86_64-fedora-gcc, r-devel-windows-x86_64-new-TK, r-release-macos-arm64, r-release-macos-x86_64, r-oldrel-macos-x86_64