CRAN Package Check Results for Package stockfish

Last updated on 2021-12-08 03:58:35 CET.

Flavor Version Tinstall Tcheck Ttotal Status Flags
r-devel-linux-x86_64-debian-clang 0.1.3 53.19 29.24 82.43 OK
r-devel-linux-x86_64-debian-gcc 0.1.3 35.66 23.62 59.28 OK
r-devel-linux-x86_64-fedora-clang 0.1.3 128.58 OK
r-devel-linux-x86_64-fedora-gcc 0.1.3 96.58 OK
r-devel-windows-x86_64-new-UL 0.1.3 77.00 64.00 141.00 OK
r-devel-windows-x86_64-new-TK 0.1.3 OK
r-devel-windows-x86_64-old 0.1.3 67.00 33.00 100.00 OK
r-patched-linux-x86_64 0.1.3 42.93 28.02 70.95 OK
r-release-linux-x86_64 0.1.3 42.83 28.52 71.35 OK
r-release-macos-arm64 0.1.3 OK
r-release-macos-x86_64 0.1.3 OK
r-release-windows-ix86+x86_64 0.1.3 97.00 46.00 143.00 NOTE
r-oldrel-macos-x86_64 0.1.3 OK
r-oldrel-windows-ix86+x86_64 0.1.3 133.00 44.00 177.00 NOTE

Check Details

Version: 0.1.3
Check: installed package size
Result: NOTE
     installed size is 6.9Mb
     sub-directories of 1Mb or more:
     bin 6.7Mb
Flavors: r-release-windows-ix86+x86_64, r-oldrel-windows-ix86+x86_64