CRAN Package Check Results for Package stlcsb

Last updated on 2022-01-28 15:53:27 CET.

Flavor Version Tinstall Tcheck Ttotal Status Flags
r-devel-linux-x86_64-debian-clang 0.1.2 10.46 105.22 115.68 OK
r-devel-linux-x86_64-debian-gcc 0.1.2 7.09 76.95 84.04 OK
r-devel-linux-x86_64-fedora-clang 0.1.2 118.64 NOTE
r-devel-linux-x86_64-fedora-gcc 0.1.2 108.87 NOTE
r-devel-windows-x86_64-new-UL 0.1.2 25.00 133.00 158.00 OK
r-devel-windows-x86_64-new-TK 0.1.2 NOTE
r-patched-linux-x86_64 0.1.2 8.43 84.87 93.30 OK
r-release-linux-x86_64 0.1.2 7.93 83.24 91.17 OK
r-release-macos-arm64 0.1.2 NOTE
r-release-macos-x86_64 0.1.2 NOTE
r-release-windows-ix86+x86_64 0.1.2 22.00 101.00 123.00 OK
r-oldrel-macos-x86_64 0.1.2 NOTE
r-oldrel-windows-ix86+x86_64 0.1.2 20.00 106.00 126.00 OK

Check Details

Version: 0.1.2
Check: dependencies in R code
Result: NOTE
    Namespace in Imports field not imported from: ‘tibble’
     All declared Imports should be used.
Flavors: r-devel-linux-x86_64-fedora-clang, r-devel-linux-x86_64-fedora-gcc, r-devel-windows-x86_64-new-TK, r-release-macos-arm64, r-release-macos-x86_64, r-oldrel-macos-x86_64