CRAN Package Check Results for Package stddiff

Last updated on 2022-05-19 15:53:32 CEST.

Flavor Version Tinstall Tcheck Ttotal Status Flags
r-devel-linux-x86_64-debian-clang 3.0 1.90 29.56 31.46 NOTE
r-devel-linux-x86_64-debian-gcc 3.0 1.58 23.30 24.88 NOTE
r-devel-linux-x86_64-fedora-clang 3.0 38.90 NOTE
r-devel-linux-x86_64-fedora-gcc 3.0 37.41 NOTE
r-devel-windows-x86_64 3.0 11.00 42.00 53.00 NOTE
r-patched-linux-x86_64 3.0 1.55 29.19 30.74 NOTE
r-release-linux-x86_64 3.0 1.82 29.35 31.17 NOTE
r-release-macos-arm64 3.0 15.00 NOTE
r-release-macos-x86_64 3.0 18.00 NOTE
r-release-windows-x86_64 3.0 5.00 41.00 46.00 NOTE
r-oldrel-macos-arm64 3.0 18.00 NOTE
r-oldrel-macos-x86_64 3.0 21.00 NOTE
r-oldrel-windows-ix86+x86_64 3.0 5.00 26.00 31.00 NOTE

Check Details

Version: 3.0
Check: LazyData
Result: NOTE
     'LazyData' is specified without a 'data' directory
Flavors: r-devel-linux-x86_64-debian-clang, r-devel-linux-x86_64-debian-gcc, r-devel-linux-x86_64-fedora-clang, r-devel-linux-x86_64-fedora-gcc, r-devel-windows-x86_64, r-patched-linux-x86_64, r-release-linux-x86_64, r-release-macos-arm64, r-release-macos-x86_64, r-release-windows-x86_64, r-oldrel-macos-arm64, r-oldrel-macos-x86_64, r-oldrel-windows-ix86+x86_64