CRAN Package Check Results for Package stcos

Last updated on 2022-09-24 15:55:32 CEST.

Flavor Version Tinstall Tcheck Ttotal Status Flags
r-devel-linux-x86_64-debian-clang 0.3.0 99.96 125.08 225.04 OK
r-devel-linux-x86_64-debian-gcc 0.3.0 69.65 94.83 164.48 OK
r-devel-linux-x86_64-fedora-clang 0.3.0 300.44 OK
r-devel-linux-x86_64-fedora-gcc 0.3.0 281.90 OK
r-devel-windows-x86_64 0.3.0 85.00 186.00 271.00 OK
r-patched-linux-x86_64 0.3.0 82.80 116.39 199.19 OK
r-release-linux-x86_64 0.3.0 77.67 119.60 197.27 OK
r-release-macos-arm64 0.3.0 97.00 NOTE
r-release-macos-x86_64 0.3.0 165.00 NOTE
r-release-windows-x86_64 0.3.0 78.00 180.00 258.00 OK
r-oldrel-macos-arm64 0.3.0 107.00 NOTE
r-oldrel-macos-x86_64 0.3.0 135.00 NOTE
r-oldrel-windows-ix86+x86_64 0.3.0 230.00 221.00 451.00 NOTE

Check Details

Version: 0.3.0
Check: installed package size
Result: NOTE
     installed size is 7.2Mb
     sub-directories of 1Mb or more:
     data 2.3Mb
     libs 4.6Mb
Flavors: r-release-macos-arm64, r-release-macos-x86_64, r-oldrel-macos-arm64, r-oldrel-macos-x86_64, r-oldrel-windows-ix86+x86_64