CRAN Package Check Results for Package statsearchanalyticsr

Last updated on 2022-01-24 15:54:28 CET.

Flavor Version Tinstall Tcheck Ttotal Status Flags
r-devel-linux-x86_64-debian-clang 0.1.4 5.30 57.62 62.92 OK
r-devel-linux-x86_64-debian-gcc 0.1.4 4.66 43.73 48.39 OK
r-devel-linux-x86_64-fedora-clang 0.1.4 78.00 NOTE
r-devel-linux-x86_64-fedora-gcc 0.1.4 67.34 NOTE
r-devel-windows-x86_64-new-UL 0.1.4 173.00 78.00 251.00 OK
r-devel-windows-x86_64-new-TK 0.1.4 NOTE
r-patched-linux-x86_64 0.1.4 5.73 54.02 59.75 OK
r-release-linux-x86_64 0.1.4 5.37 53.73 59.10 OK
r-release-macos-arm64 0.1.4 NOTE
r-release-macos-x86_64 0.1.4 NOTE
r-release-windows-ix86+x86_64 0.1.4 15.00 66.00 81.00 OK
r-oldrel-macos-x86_64 0.1.4 NOTE
r-oldrel-windows-ix86+x86_64 0.1.4 14.00 67.00 81.00 OK

Check Details

Version: 0.1.4
Check: dependencies in R code
Result: NOTE
    Namespace in Imports field not imported from: ‘tibble’
     All declared Imports should be used.
Flavors: r-devel-linux-x86_64-fedora-clang, r-devel-linux-x86_64-fedora-gcc, r-devel-windows-x86_64-new-TK, r-release-macos-arm64, r-release-macos-x86_64, r-oldrel-macos-x86_64